 is the remainder when 66297 is divided by 195?
192
Calculate the remainder when 17342 is divided by 2382.
668
Calculate the remainder when 1316 is divided by 46.
28
Calculate the remainder when 385285 is divided by 21.
19
What is the remainder when 2478 is divided by 395?
108
What is the remainder when 6263 is divided by 320?
183
Calculate the remainder when 10411 is divided by 81.
43
What is the remainder when 27525 is divided by 57?
51
Calculate the remainder when 8417 is divided by 843.
830
What is the remainder when 63352 is divided by 4?
0
What is the remainder when 1307 is divided by 380?
167
Calculate the remainder when 3369 is divided by 491.
423
Calculate the remainder when 1190 is divided by 443.
304
Calculate the remainder when 496 is divided by 72.
64
Calculate the remainder when 6743 is divided by 1003.
725
Calculate the remainder when 8300 is divided by 1376.
44
What is the remainder when 5181 is divided by 2238?
705
What is the remainder when 8946 is divided by 66?
36
What is the remainder when 1646 is divided by 266?
50
What is the remainder when 89144 is divided by 19?
15
What is the remainder when 905146 is divided by 1156?
1154
Calculate the remainder when 717 is divided by 13.
2
Calculate the remainder when 53580 is divided by 33.
21
Calculate the remainder when 180485 is divided by 573.
563
Calculate the remainder when 8308348 is divided by 7.
6
Calculate the remainder when 2297 is divided by 23.
20
What is the remainder when 45371 is divided by 1464?
1451
Calculate the remainder when 2316 is divided by 220.
116
Calculate the remainder when 187120 is divided by 693.
10
What is the remainder when 4689 is divided by 521?
0
What is the remainder when 3914 is divided by 643?
56
What is the remainder when 2377 is divided by 2250?
127
What is the remainder when 36046 is divided by 8972?
158
What is the remainder when 94044 is divided by 92?
20
Calculate the remainder when 1976 is divided by 197.
6
What is the remainder when 52207 is divided by 532?
71
What is the remainder when 190354 is divided by 53?
31
What is the remainder when 1138 is divided by 875?
263
Calculate the remainder when 1911601 is divided by 154.
153
What is the remainder when 12643 is divided by 3?
1
What is the remainder when 868 is divided by 71?
16
What is the remainder when 2361958 is divided by 881?
878
What is the remainder when 13219 is divided by 6439?
341
Calculate the remainder when 17493 is divided by 763.
707
What is the remainder when 10738 is divided by 9?
1
What is the remainder when 21787 is divided by 21403?
384
What is the remainder when 129224 is divided by 1346?
8
What is the remainder when 12566 is divided by 12191?
375
Calculate the remainder when 1117 is divided by 93.
1
Calculate the remainder when 78601 is divided by 1483.
2
What is the remainder when 124440 is divided by 87?
30
What is the remainder when 29978 is divided by 95?
53
Calculate the remainder when 1183541 is divided by 878.
875
What is the remainder when 1971 is divided by 736?
499
Calculate the remainder when 475190 is divided by 211.
18
Calculate the remainder when 147796 is divided by 452.
444
What is the remainder when 1439 is divided by 110?
9
What is the remainder when 6841 is divided by 3290?
261
Calculate the remainder when 2175 is divided by 81.
69
Calculate the remainder when 3465 is divided by 35.
0
Calculate the remainder when 109533 is divided by 109513.
20
Calculate the remainder when 1414 is divided by 18.
10
What is the remainder when 10608 is divided by 5304?
0
What is the remainder when 579 is divided by 561?
18
Calculate the remainder when 146228 is divided by 60.
8
What is the remainder when 25442 is divided by 1114?
934
Calculate the remainder when 5521 is divided by 325.
321
Calculate the remainder when 54566 is divided by 343.
29
Calculate the remainder when 6526 is divided by 139.
132
What is the remainder when 1064 is divided by 169?
50
Calculate the remainder when 476777 is divided by 103.
93
Calculate the remainder when 188534 is divided by 62.
54
What is the remainder when 278854 is divided by 72?
70
What is the remainder when 342376 is divided by 10?
6
What is the remainder when 1146539 is divided by 144?
11
Calculate the remainder when 55700 is divided by 32.
20
Calculate the remainder when 78105 is divided by 39.
27
Calculate the remainder when 65558 is divided by 2427.
29
What is the remainder when 9062 is divided by 29?
14
Calculate the remainder when 92559 is divided by 765.
759
Calculate the remainder when 110962 is divided by 226.
222
What is the remainder when 3691 is divided by 902?
83
Calculate the remainder when 5262 is divided by 103.
9
Calculate the remainder when 1324139 is divided by 13.
11
What is the remainder when 11092 is divided by 583?
15
What is the remainder when 157917 is divided by 376?
373
Calculate the remainder when 14309 is divided by 683.
649
What is the remainder when 51172 is divided by 21?
16
Calculate the remainder when 106006 is divided by 693.
670
What is the remainder when 886 is divided by 90?
76
What is the remainder when 222625 is divided by 117?
91
What is the remainder when 1264 is divided by 146?
96
What is the remainder when 376063 is divided by 128?
127
What is the remainder when 3961 is divided by 254?
151
Calculate the remainder when 101072 is divided by 280.
272
What is the remainder when 4781 is divided by 2319?
143
What is the remainder when 42465 is divided by 730?
125
Calculate the remainder when 1589 is divided by 86.
41
Calculate the remainder when 588060 is divided by 147010.
20
Calculate the remainder when 20882 is divided by 454.
452
What is the remainder when 8374 is divided by 49?
44
What is the remainder when 69270 is divided by 12?
6
What is the remainder when 10546 is divided by 377?
367
What is the remainder when 5750 is divided by 555?
200
Calculate the remainder when 11846 is divided by 40.
6
What is the remainder when 110706 is divided by 3352?
90
What is the remainder when 68533 is divided by 21?
10
Calculate the remainder when 13674 is divided by 4555.
9
Calculate the remainder when 7096 is divided by 1772.
8
What is the remainder when 50179 is divided by 474?
409
Calculate the remainder when 6679 is divided by 393.
391
Calculate the remainder when 1497 is divided by 14.
13
Calculate the remainder when 63829 is divided by 347.
328
Calculate the remainder when 10303 is divided by 1286.
15
Calculate the remainder when 9603 is divided by 73.
40
What is the remainder when 2298480 is divided by 1334?
1332
What is the remainder when 25896 is divided by 959?
3
What is the remainder when 120837 is divided by 332?
321
What is the remainder when 62003 is divided by 103?
100
Calculate the remainder when 51771 is divided by 357.
6
Calculate the remainder when 9378 is divided by 722.
714
What is the remainder when 800 is divided by 196?
16
Calculate the remainder when 12129 is divided by 635.
64
Calculate the remainder when 3271 is divided by 419.
338
Calculate the remainder when 120582 is divided by 362.
36
What is the remainder when 32254 is divided by 28?
26
Calculate the remainder when 5703 is divided by 2173.
1357
Calculate the remainder when 18931 is divided by 18918.
13
Calculate the remainder when 15049 is divided by 14995.
54
What is the remainder when 6348 is divided by 2114?
6
Calculate the remainder when 5656 is divided by 27.
13
What is the remainder when 7206 is divided by 2602?
2002
What is the remainder when 278 is divided by 115?
48
What is the remainder when 113648 is divided by 3247?
3
What is the remainder when 7685 is divided by 2831?
2023
Calculate the remainder when 2951724 is divided by 19.
17
What is the remainder when 102301 is divided by 37?
33
Calculate the remainder when 23767 is divided by 5907.
139
What is the remainder when 804 is divided by 58?
50
Calculate the remainder when 779215 is divided by 157.
24
What is the remainder when 617622 is divided by 617618?
4
What is the remainder when 422 is divided by 23?
8
Calculate the remainder when 2433 is divided by 1122.
189
Calculate the remainder when 7142 is divided by 3568.
6
Calculate the remainder when 17392 is divided by 4327.
84
What is the remainder when 1291 is divided by 23?
3
What is the remainder